5341862?
6
What is the hundred millions digit of 4926265343?
9
What is the hundred thousands digit of 14186311?
1
What is the hundred millions digit of 3507259368?
5
What is the ten thousands digit of 19404541?
0
What is the hundred thousands digit of 75283730?
2
What is the millions digit of 282108389?
2
What is the ten thousands digit of 103720956?
2
What is the hundreds digit of 264209760?
7
What is the units digit of 4717282?
2
What is the hundreds digit of 90119739?
7
What is the units digit of 6701589?
9
What is the ten millions digit of 23151187?
2
What is the ten thousands digit of 226707782?
0
What is the thousands digit of 97414163?
4
What is the ten millions digit of 18240026?
1
What is the hundred millions digit of 133993127?
1
What is the millions digit of 48556215?
8
What is the ten thousands digit of 132991534?
9
What is the billions digit of 5783756735?
5
What is the units digit of 132023765?
5
What is the ten millions digit of 225273876?
2
What is the hundreds digit of 1051691600?
6
What is the hundreds digit of 264752948?
9
What is the ten thousands digit of 18573992?
7
What is the hundred thousands digit of 55927751?
9
What is the ten thousands digit of 2009157205?
5
What is the hundred thousands digit of 91961637?
9
What is the ten thousands digit of 179118734?
1
What is the millions digit of 16614570?
6
What is the hundred thousands digit of 97631635?
6
What is the ten thousands digit of 214147119?
4
What is the millions digit of 697572216?
7
What is the millions digit of 258476440?
8
What is the ten millions digit of 22175032?
2
What is the hundred millions digit of 149450104?
1
What is the hundred millions digit of 132494489?
1
What is the units digit of 318645556?
6
What is the units digit of 51704332?
2
What is the ten millions digit of 504974211?
0
What is the billions digit of 1513691381?
1
What is the hundred thousands digit of 97675107?
6
What is the hundred thousands digit of 263637892?
6
What is the units digit of 34498844?
4
What is the ten millions digit of 56279872?
5
What is the thousands digit of 20701606?
1
What is the millions digit of 169750478?
9
What is the ten millions digit of 3327469384?
2
What is the thousands digit of 329931205?
1
What is the thousands digit of 894959546?
9
What is the thousands digit of 7499120?
9
What is the units digit of 1004601539?
9
What is the hundreds digit of 26902659?
6
What is the millions digit of 9423028983?
3
What is the hundreds digit of 41745348?
3
What is the hundred millions digit of 855723519?
8
What is the tens digit of 480810386?
8
What is the tens digit of 873085128?
2
What is the units digit of 219237247?
7
What is the hundreds digit of 16429394?
3
What is the hundreds digit of 82480931?
9
What is the ten millions digit of 3848574489?
4
What is the hundred thousands digit of 193509903?
5
What is the units digit of 67285517?
7
What is the ten millions digit of 669291364?
6
What is the hundred thousands digit of 118342932?
3
What is the hundred thousands digit of 1167157164?
1
What is the ten thousands digit of 176012168?
1
What is the ten millions digit of 176274172?
7
What is the billions digit of 1457546282?
1
What is the hundreds digit of 359757222?
2
What is the units digit of 909828057?
7
What is the units digit of 417764629?
9
What is the ten millions digit of 370021871?
7
What is the ten thousands digit of 372106275?
0
What is the hundred thousands digit of 339319916?
3
What is the thousands digit of 61216869?
6
What is the hundreds digit of 4052322522?
5
What is the ten millions digit of 147821132?
4
What is the hundred thousands digit of 907848866?
8
What is the hundreds digit of 224370241?
2
What is the hundred thousands digit of 68235301?
2
What is the tens digit of 644138116?
1
What is the tens digit of 49260789?
8
What is the ten millions digit of 207093409?
0
What is the hundred millions digit of 3421074266?
4
What is the ten millions digit of 3406118122?
0
What is the tens digit of 116374338?
3
What is the units digit of 14500926?
6
What is the thousands digit of 33720072?
0
What is the hundred thousands digit of 698782729?
7
What is the hundreds digit of 4567199487?
4
What is the units digit of 208202977?
7
What is the tens digit of 784550385?
8
What is the units digit of 10796984?
4
What is the tens digit of 563700329?
2
What is the thousands digit of 43098239?
8
What is the units digit of 40210119?
9
What is the millions digit of 286428267?
6
What is the hundred thousands digit of 46046571?
0
What is the billions digit of 5313115772?
5
What is the ten millions digit of 232682912?
3
What is the thousands digit of 1136047218?
7
What is the hundred millions digit of 462794700?
4
What is the ten thousands digit of 39743171?
4
What is the tens digit of 54858551?
5
What is the millions digit of 241707567?
1
What is the ten millions digit of 930249708?
3
What is the hundreds digit of 110979418?
4
What is the ten thousands digit of 774497226?
9
What is the millions digit of 2131226374?
1
What is the millions digit of 31963998?
1
What is the hundred thousands digit of 708620801?
6
What is the thousands digit of 110007465?
7
What is the hundreds digit of 90875412?
4
What is the hundred thousands digit of 3058723040?
7
What is the ten millions digit of 201677376?
0
What is the ten millions digit of 84999396?
8
What is the thousands digit of 29150031?
0
What is the tens digit of 95749797?
9
What is the millions digit of 23776744?
3
What is the millions digit of 1607923821?
7
What is the thousands digit of 776657642?
7
What is the thousands digit of 423224159?
4
What is the ten thousands digit of 2063013243?
1
What is the ten thousands digit of 881184306?
8
What is the ten thousands digit of 1332853910?
5
What is the hundred thousands digit of 548774?
5
What is the hundred millions digit of 1837927681?
8
What is the hundred thousands digit of 451856122?
8
What is the millions digit of 69767557?
9
What is the tens digit of 29756215?
1
What is the millions digit of 3343970833?
3
What is the hundred millions digit of 786644233?
7
What is the thousands digit of 4185347868?
7
What is the hundreds digit of 761972?
9
What is the units digit of 541620552?
2
What is the thousands digit of 928394626?
4
What is the thousands digit of 41619818?
9
What is the hundred thousands digit of 7371723?
3
What is the hundred thousands digit of 16743829?
7
What is the tens digit of 40979847?
4
What is the millions digit of 67582421?
7
What is the ten millions digit of 127926201?
2
What is the tens digit of 3904533017?
1
What is the millions digit of 134263002?
4
What is the thousands digit of 139416531?
6
What is the hundreds digit of 467722996?
9
What is the hundred thousands digit of 5655912335?
9
What is the hundreds digit of 659844583?
5
What is the units digit of 169775123?
3
What is the thousands digit of 131061288?
1
What is the tens digit of 3165369413?
1
What is the tens digit of 668387084?
8
What is the thousands digit of 38924436?
4
What is the tens digit of 69535528?
2
What is the ten millions digit of 976285610?
7
What is the hundreds digit of 249263717?
7
What is the hundred thousands digit of 469119783?
1
What is the ten millions digit of 4004487771?
0
What is the ten thousands digit of 337288255?
8
What is the ten millions digit of 88217283?
8
What is the millions digit of 82914049?
2
What is the tens digit of 5135876353?
5
What is the thousands digit of 48484914?
4
What is the hundreds digit of 182477715?
7
What is the hundreds digit of 91422965?
9
What is the units digit of 512692486?
6
What is the units digit of 216671654?
4
What is the tens digit of 1027012339?
3
What is the thousands digit of 13803900?
3
What is the units digit of 576373774?
4
What is the hundred millions digit of 270747274?
2
What is the ten thousands digit of 874718889?
1
What is the units digit of 1402896006?
6
What is the ten millions digit of 952928344?
5
What is the hundreds digit of 2840498208?
2
What is the billions digit of 1832467904?
1
What is the ten thousands digit of 2884434755?
3
What is the tens digit of 155517991?
9
What is the units digit of 356874805?
5
What is the thousands digit of 98269706?
9
What is the units digit of 541817254?
4
What is the tens digit of 229765